test common divisor of 722 and m?
38
Let t = -1358 - -1367. Suppose -4*a + 0*d = d - 91, -a + 4*d = -44. Suppose t*o = 11*o - a. What is the highest common divisor of o and 12?
12
Suppose -11*h = -39948 - 2441 + 2888. Calculate the greatest common factor of 252 and h.
63
Let l(i) = 59*i - 563. Let y be l(10). Suppose 0 = -5*b + 205 + 740. Calculate the greatest common factor of b and y.
27
Suppose -24915 = 6*w + 5*w. Let h be w/(-18) - 5/(-30). What is the greatest common factor of h and 28?
14
Suppose -614 + 3765 = 70*m - 279. Calculate the highest common divisor of 11074 and m.
49
Let i be (1 - 2)/((-4250)/472 - -9). Calculate the highest common factor of i and 4.
4
Let s be ((-14)/10 - -4 - 3)/(1/(-135)). Calculate the highest common factor of s and 642.
6
Let n be (((-41927760)/(-392))/59)/(((-4)/2)/(-14)). What is the highest common divisor of n and 54?
54
Let w(d) = 5*d**2 - 2*d. Let m be w(4). Suppose 74 = 8*z - 118. Calculate the greatest common divisor of z and m.
24
Suppose -4*q + 3228 = 3*i, 2*i - 2 + 10 = 0. Calculate the highest common divisor of q and 1530.
90
Let q = -277 + 531. Let x = q + -114. What is the highest common factor of 56 and x?
28
Let d(l) = 42*l - 1120. Let w be d(27). Calculate the greatest common factor of 1337 and w.
7
Suppose -4*i + 4*k = 5*k - 8, -4*k = 16. Suppose -3*t = 3*z + 12, t - i = 3*t + z. What is the highest common divisor of 1 and t?
1
Suppose 202*d = 76*d + 21546. Calculate the greatest common divisor of 589 and d.
19
Let g be -3*(9/(-81))/(2/6). Let l be (-1*g + (-200)/(-24))*3. What is the greatest common divisor of l and 99?
11
Let j(g) = -23*g**2 - 265*g - 27. Let w be j(-10). Calculate the highest common factor of w and 95.
19
Suppose -6*j + 2*j + 28 = 0. Let y(w) = w**3 - 8*w**2 + 9*w + 1. Let q be y(j). Suppose 5*o - q = 20. What is the greatest common divisor of o and 7?
7
Suppose 118*l - 2960 = -630 + 3098. What is the highest common divisor of 8878 and l?
46
Suppose 3*h = -26*q + 23*q + 22368, -24 = 4*q. Calculate the highest common divisor of h and 130.
26
Suppose h = l + 15, -l = 3*h + 5558 - 5591. What is the greatest common factor of 23700 and h?
12
Let x(p) = 2*p - 8 - 3*p + 90 - 2*p. Let h be x(22). Let m = -30 + 174. Calculate the highest common factor of m and h.
16
Suppose 39*s = -24*s + 22491. Let c(f) = -7*f**3 - f**2 + f + 1. Let g be c(-2). Calculate the greatest common factor of g and s.
51
Let c(k) = 56*k**2. Let v be c(3). Let f(j) = 8325*j - 24968. Let d be f(3). What is the highest common divisor of v and d?
7
Suppose 5*s = -o + 19 - 1, 2*s + 6 = 4*o. Suppose -3*c + c - 962 = -s*n, -3*n = -5*c - 956. Let h = n - 214. What is the highest common factor of 27 and h?
27
Let n(l) be the first derivative of -136*l**2 - 8*l - 167. Let g be n(-1). What is the greatest common divisor of 8 and g?
8
Suppose -3*r - d + 2*d = -20, 8 = -4*d. Suppose 5192 = -188*j + 27752. What is the greatest common factor of r and j?
6
Suppose 4*m - 196 = -45*m. Let o be (-8046)/(-36) + (-6)/m. What is the highest common factor of o and 370?
74
Let g(w) = -13*w - 100. Let z be g(-8). Suppose z*q + 3*y = q + 660, 0 = -5*q + 5*y + 1070. What is the greatest common factor of 31 and q?
31
Let a(x) = 12*x**2 + 6*x. Let m be a(-4). Let n(v) = 8*v + 8. Let s be n(8). What is the greatest common divisor of s and m?
24
Let a(t) = 331*t**2 + 5*t - 2. Let n be a(1). Let c = n - 286. Calculate the highest common factor of 192 and c.
48
Let r(y) = -2*y + 50. Let i be (4/2)/((-6)/426). Let v = i + 127. Let w be r(v). Calculate the highest common divisor of w and 30.
10
Let s(r) = -7*r**3 + 10*r**2 - 3*r + 56. Let m be s(-6). What is the highest common factor of m and 42?
14
Let n be (120/(-96) - (-757)/4)*4. Let u = 1499 - n. Calculate the highest common factor of 166 and u.
83
Suppose 176*t + 3213 + 4046 = 603*t. What is the greatest common divisor of 10846 and t?
17
Suppose 3*z = -3*z + 120. Let h be (10/8*-2)/((-11)/352). Calculate the highest common factor of h and z.
20
Let r = -72 - -37. Let n = r - -52. Let a be ((-55)/(-2) + -2)/((-7)/(-14)). What is the greatest common divisor of n and a?
17
Let l = 223 - 111. Let q = 133 - l. Calculate the highest common factor of q and 231.
21
Let a = -10 + 42. Let z = 6 + a. Suppose -5*l + 4*j = j - 95, 0 = 2*l - 5*j - z. Calculate the highest common factor of 209 and l.
19
Let y be ((-2684)/(-88))/(1/6). Calculate the highest common divisor of y and 5429.
61
Let k be 6660/(-105)*(-42)/4. Let y be (-21)/(-49) - k/(-14). Calculate the greatest common factor of 112 and y.
16
Let r = 1073 + 280. Suppose -o = 2*h - 66, -o = -3*h - 7 + 106. What is the greatest common factor of r and h?
33
Let o(t) = 24 - 2*t - 89 - 7*t + 30. Let n be o(-9). What is the highest common factor of 506 and n?
46
Let k = -18 - -294. Let y be (68/(-6))/(104/(-156)). Suppose k = 23*o - y*o. What is the highest common factor of o and 69?
23
Suppose 5*k = 2*s + 2530, 3*k + 4*s = s + 1539. Let y = k - 460. Calculate the greatest common factor of 12 and y.
12
Suppose -5*g = 15, -a = -0*g - g - 7. Let l(d) = -d**2 + 5*d - 2. Let w be l(a). What is the highest common divisor of w and 14?
2
Let q be 3/66 + 81558/396. What is the greatest common divisor of q and 6?
2
Suppose -84 = -2*w + 2*h, -2*w + 78 = 3*h - 6*h. Calculate the highest common factor of 72 and w.
24
Suppose 5*w + 2*o = 5*o + 281, -3*w + 4*o = -184. What is the highest common factor of w and 325?
13
Suppose o - 12 = -o. Let t be 21 + -17 - 1*o. Let m be (70/(-42))/(t/168). Calculate the highest common divisor of m and 56.
28
Let u be (1000/150)/((-2)/93 - 0). Let q be u/(-11) + 5/110*-4. Let g be -2 + (-8)/(-4) + -3 + q. Calculate the greatest common factor of 5 and g.
5
Let j = 705 + -702. Suppose 5*d - j*n = -145 + 611, 288 = 3*d + n. What is the greatest common divisor of 19 and d?
19
Suppose 3*o = 5*o - 10, -3*r = 5*o + 71. Let z = 34 + r. Suppose 5*q + z*l = 130, -4*q - 4*l + 25 = -79. What is the highest common divisor of q and 39?
13
Suppose 12*u = 8*u - 412. Let f = u - -135. What is the highest common divisor of 40 and f?
8
Let l = -25273 - -26074. What is the highest common divisor of l and 9?
9
Let b(a) = -3*a**3 + 2*a + 1. Let i be b(-1). Suppose d - 8 = 1. Suppose 4*f - d*f = -70. What is the greatest common factor of i and f?
2
Let d(b) = b**3 - 17*b**2 - 15*b + 4. Let n be d(18). Let y = n - -10. Suppose 13*v = 17*v - y. What is the highest common factor of 17 and v?
17
Let p be (-21015)/(-39)*1 - (-20)/130. Let t(u) = u**3 - 4*u**2 - 5*u + 7. Let s be t(6). Calculate the highest common divisor of p and s.
49
Let i be (16510/39 - -34)*(-6)/(-4). Calculate the greatest common divisor of i and 4018.
98
Let m(d) = -d**2 + 13*d - 22. Suppose -5 = -u + 5. Let h be m(u). Let b = -21 + 29. Calculate the highest common divisor of b and h.
8
Let v = -41 - -47. Suppose -1 = v*g + 11. Let n be 15/(3/(-42)*g). Calculate the highest common factor of n and 42.
21
Suppose 405*i = 404*i - 60. Let t be 106 - (i/(-80) - 1/(-4)). Calculate the highest common factor of t and 14.
7
Suppose -49 - 50 - 69 = -2*y. Calculate the greatest common divisor of 36 and y.
12
Suppose -s - i + 3*i + 13 = 0, 3*s + 5*i = 17. Suppose -4*g - 20 = 0, -5*g - 42 - 11 = 4*l. Let u = 25 + l. What is the greatest common factor of u and s?
9
Let h(z) = -z**3 - 8*z**2 - 8*z - 28. Let n be h(-9). Let c = 15 + -1. Let s = c - -11. Calculate the greatest common factor of n and s.
25
Suppose 13*i + 71 - 43 = 600. Calculate the highest common factor of 2288 and i.
44
Let k be (-9 + 3)*(-1)/(-2)*9. Let l = k - -49. Calculate the greatest common factor of 121 and l.
11
Suppose 2*x + 28 = 9*x. Suppose -2 + 18 = x*v. Suppose a = -v, -2*i + 40 - 16 = -a. Calculate the highest common factor of 4 and i.
2
Suppose 3593 + 958 = 37*o. What is the highest common divisor of o and 574?
41
Let m be (63/6 - 11)*-16*23. Let p be ((-58)/3)/((-2)/6). Let l = -35 + p. What is the highest common factor of l and m?
23
Suppose 3*b - 22 = 5. Suppose -7*u + b*u - 32 = 0. Suppose -2*f = 4*g + g + 18, -4*f - 5*g - u = 0. What is the greatest common factor of f and 1?
1
Suppose -5*i = t - 82, -6*i + 60 = -3*i - 3*t. Suppose -2*a + r = -133, -2*a - 4*r = -9*r - 121. What is the highest common di